t z = -5 - -6. What is the greatest common factor of j and z?
1
Let a(t) = -t - 1. Let n be a(-1). Suppose -4 = -2*w - n*w. Suppose -4*f + 2*u - 2 = 0, -14 - 8 = -f - 4*u. What is the greatest common divisor of f and w?
2
Let x be (3 - -57) + 2*-1. Suppose 4*f = 2 + x. Let z = 7 - 4. What is the greatest common divisor of z and f?
3
Let h(u) = -u**2 - 4*u + 4. Let y be h(-4). Let l(w) = w**3 - 2*w**2 - 3*w + 1. Let i be l(y). Calculate the highest common divisor of i and 7.
7
Let v be (-6)/(1 - (-1 - -4)). Suppose -2*s = -4*s + 2. Let o be -2*s*(-8 + 7). What is the highest common factor of o and v?
1
Let t = 6 + -2. Suppose 40 = t*u - 96. What is the greatest common factor of 238 and u?
34
Suppose 0 = 24*r - 25*r + 27. What is the highest common divisor of r and 3?
3
Suppose -4 = -g + u, g - 5*u = -0*u. Calculate the highest common factor of g and 25.
5
Suppose 358 = 6*t - t - z, t + 5*z - 82 = 0. Calculate the greatest common factor of t and 9.
9
Let y be 1 + -1 - -1 - 4. Let p(g) = -g**3 - 4*g**2 - 3*g + 4. Let u be p(y). Let s = -2 + 10. Calculate the highest common factor of s and u.
4
Suppose -4*k + 104 = 3*n, 5*n + 2*k = 112 + 52. Calculate the greatest common divisor of n and 8.
8
Let y be (50/15)/((-1)/(-198)). Suppose -3*n = 2*n - y. Calculate the highest common divisor of 12 and n.
12
Let j(r) = r**2 - 8*r. Let u be j(9). Let h = u + 1. Let n(d) = -d**3 - 5*d**2 + 5*d - 2. Let v be n(-6). Calculate the highest common factor of v and h.
2
Suppose -2*o = 3*o - 1525. Let a = -206 + o. Calculate the highest common divisor of a and 9.
9
Suppose 2*w = 6*w - 32. Suppose -4 - w = -x. What is the greatest common divisor of 48 and x?
12
Let d(m) = -m - 9. Let w be d(-7). Let t be w - -4 - 42/2. Let p = t - -34. What is the greatest common divisor of p and 30?
15
Suppose 0 = -4*m - 3*k + 108, 5*m - m = -4*k + 108. Suppose 5*d - z - 403 = z, -404 = -5*d + z. Calculate the highest common factor of m and d.
27
Suppose -5*i + 57 = -4*x, 2*i - 20 = -9*x + 12*x. Calculate the greatest common divisor of i and 13.
13
Suppose -10 = 13*y - 2584. Calculate the highest common factor of 18 and y.
18
Let l = -11 + 13. What is the greatest common divisor of l and 4?
2
Let g(i) = i**3 + 15*i**2 + 16*i - 24. Let q be g(-13). Calculate the greatest common factor of q and 265.
53
Let s = -121 - -181. Let m(x) = -x + 12. Let r be m(0). What is the highest common divisor of s and r?
12
Let z be (66/2)/(-1*1). Let k be (-1)/(-5) + 628/10. Let o = k + z. Calculate the highest common factor of o and 15.
15
Suppose 3*w - 44 - 19 = -h, 61 = h + w. Calculate the greatest common divisor of 12 and h.
12
Let k = 96 + -8. What is the greatest common factor of 8 and k?
8
Let a be 3/(0 + -1 + 2). Let s be (27*-1)/a*-11. Calculate the highest common divisor of 11 and s.
11
Let r be (3684 - 3)/3 + 0. Let k be (-1)/5 - r/15. Let l = 8 - k. Calculate the highest common factor of 10 and l.
10
Let w = -3 - -13. What is the greatest common factor of 5 and w?
5
Suppose 256 = 3*j + 4*w, -4*w + 81 = j - 7*w. What is the highest common factor of j and 12?
12
Suppose -3*m + 0*s = 2*s - 89, 0 = -m - 2*s + 31. What is the highest common factor of m and 116?
29
Let i be (-2 - -2) + 14 - 1. What is the highest common factor of 39 and i?
13
Suppose -3*n + 56 + 19 = 0. Let z(p) = 2*p - 3. Let l be z(4). What is the greatest common divisor of n and l?
5
Let u be (-115 - 1)*(-2 - -1). Calculate the highest common divisor of u and 29.
29
Let q = 40 + -26. Suppose 2*h - q = 4. What is the highest common divisor of h and 3?
3
Let c = -2 - -13. Suppose 22 = -3*z + 4*z. What is the highest common factor of z and c?
11
Suppose 4*q + q - 25 = 5*c, 0 = 4*q - 2*c - 14. Suppose 84 = -0*d + 3*d. Let i = d + q. Calculate the highest common factor of i and 75.
15
Let p = -1 + 5. Suppose p*s = 3*z - 148, -2*z + 2*s + 3*s = -108. Let i = z + 77. Calculate the highest common factor of i and 11.
11
Let f(j) = j**2 + 8*j + 4. Let v be f(-8). Let b be ((-2)/v)/((-1)/2). Let t be (-6)/4*50/(-15). What is the greatest common factor of b and t?
1
Let h be (1 + -175)*(20/8 - 4). Calculate the greatest common divisor of 29 and h.
29
Suppose 0 = 2*h - 19 + 15. What is the greatest common divisor of h and 18?
2
Let w(l) = 3*l**2 - 3*l - 2. Let n be w(3). Let s be (3/(-2))/((-12)/32). What is the highest common factor of s and n?
4
Let o be 520/16 - 2/(-4). Calculate the greatest common factor of 22 and o.
11
Suppose -4*w - 4*h = -6*h - 234, 4*w = 3*h + 231. Calculate the greatest common divisor of 15 and w.
15
Let m(x) = -11*x - 13. Let b be m(-5). Calculate the greatest common divisor of 21 and b.
21
Let s(d) = 2*d + 5. Let j(a) = -1. Let i(m) = 6*j(m) + s(m). Let c be i(9). What is the highest common factor of 119 and c?
17
Suppose -20 = 52*n - 53*n. Calculate the highest common factor of n and 20.
20
Let b = -21 + 28. What is the highest common divisor of b and 1?
1
Let u = 2 - 7. Let d(p) = p**2 + 2*p. Let h be d(u). Calculate the greatest common divisor of 75 and h.
15
Let j(q) = q**3 - 4*q**2 - 5*q - 1. Let i be j(5). Let n be (-3)/(-2) - i/2. Suppose -3*m + n + 7 = 0. Calculate the highest common factor of m and 21.
3
Let l = -85 - -163. What is the highest common divisor of 195 and l?
39
Suppose 0 = -2*t + m + 6251, 4*t + 0*t - 4*m = 12492. Let s be t/20 - 4/10. Suppose 2*u = -u + s. What is the highest common factor of u and 13?
13
Let v(i) = -i - 4. Suppose 6 = -q - 1. Let t be v(q). Suppose -3*j + 2 - 5 = t*f, 0 = 4*f + 5*j + 8. Calculate the highest common factor of f and 3.
3
Let a(o) = o**2 + 17*o. Let n be a(-7). Let m = 118 + n. What is the highest common divisor of m and 32?
16
Let z be (-7)/(-14) + 65/(-2). Let p = z - -60. What is the highest common factor of 4 and p?
4
Let j(b) = 7*b**3 - 2*b**2 + b**2 - 7*b**3 + 27*b**3. Let v be j(-1). Let k = 52 + v. What is the highest common divisor of 8 and k?
8
Suppose -8*b + 1232 = -b. What is the greatest common divisor of b and 16?
16
Let u be 46/(-10) + 4/(-10). Let m(w) = w + 5. Let z be m(u). Suppose 2*p - 6*p + 72 = z. What is the greatest common divisor of p and 2?
2
Let y(l) = l**2 + 5*l + 8. Let a be y(0). Calculate the highest common factor of a and 24.
8
Suppose 5*w = 2*w - 2*b + 520, 4*b = -5*w + 864. What is the highest common divisor of 44 and w?
44
Suppose 4*m = 59 + 37. Let h be (1/(-3))/((-24)/216). What is the greatest common divisor of h and m?
3
Let l(o) = 4*o + 40. Let t be l(-6). What is the greatest common divisor of t and 144?
16
Suppose 2*w - 20 = 14. What is the highest common divisor of w and 51?
17
Let b(i) = 7*i**3 + 2*i - 4. Let w be b(2). Calculate the greatest common divisor of w and 8.
8
Let m(z) = -20*z - 3. Let s be m(-3). Calculate the highest common divisor of s and 3.
3
Let x be 5 + -1 + (-12)/(-6). Let r be ((-306)/(-119))/(x/28). What is the greatest common factor of r and 96?
12
Let m = 17 - 1. Calculate the highest common factor of 144 and m.
16
Suppose 5*x - 3*p - 11 = 292, 4*x = p + 241. Let s be -3 + 0 + 7 + 1. Let c = 20 - s. Calculate the greatest common divisor of c and x.
15
Let n be -2 + 3 + -2 - -14. Suppose 3*u = 3 + 3. Let c = n + u. What is the greatest common factor of 6 and c?
3
Let g be (-3)/(-15) + 46/(-5). Let t(b) = b**3 + 9*b**2 + 2. Let y be t(g). What is the greatest common divisor of 4 and y?
2
Let x(i) = -i**3 - 12 - 3*i**2 - 24*i - 14*i**2 + 6*i + 4*i**2. Let n be x(-12). What is the highest common divisor of n and 40?
20
Let f be 48/216 - 320/(-18). Let n be 4*(1 - (-1 + 0)). Let a be -4*(2 - 34/n). Calculate the greatest common factor of a and f.
9
Let v(u) = -12*u - 15. Let i be v(-10). Calculate the greatest common divisor of i and 42.
21
Let o = 101 + -41. Suppose j = 3*j - 5*r + 88, 122 = -3*j + 5*r. Let n = -14 - j. Calculate the greatest common factor of o and n.
20
Let p = 38 + 97. What is the highest common divisor of 15 and p?
15
Suppose -13 + 53 = 4*w. Let f be 5*(-2 + 26/w). Calculate the greatest common divisor of f and 3.
3
Let p be 1788/27 + 6/(-27). Let m be (0 + 2)*(-42)/(-4). Let i = m + -15. What is the greatest common divisor of p and i?
6
Let j = 49 - 31. Let z = 30 - j. Suppose -6*m + 2*m = -48. What is the greatest common divisor of m and z?
12
Suppose -5*u - 144 = -